 3*q - 8*q, -4*q = 20. List the prime factors of k.
5, 7, 11
Let x be 10 - (-2 - -3)/1. Suppose 3*m + 0 = -x. List the prime factors of 3*m/27*-9.
3
What are the prime factors of 24/(-84) - (-61645)/35?
3, 587
Let n(j) = j**3 + 23*j**2 + 17*j + 36. Let z(f) = -f**3 - 23*f**2 - 17*f - 36. Let l(d) = -4*n(d) - 3*z(d). List the prime factors of l(-23).
5, 71
Let o = -1049 - -6595. List the prime factors of o.
2, 47, 59
Suppose -15270 - 10308 = -3*w. List the prime factors of w.
2, 3, 7, 29
Let f(j) = 513*j + 3. Let v be f(1). List the prime factors of (-12 - -9)/((-4)/v).
3, 43
Suppose 4*n - 2*k = -14578 - 8852, -4*k = -2*n - 11700. List the prime factors of (1/(-4))/(5/n).
293
Let l(t) = -543*t + 5 - 3 + 0 - 12. List the prime factors of l(-1).
13, 41
Suppose 14*f - 5*f - 8460 = 0. Let w = f - 594. What are the prime factors of w?
2, 173
Let b = 23260 - 11110. List the prime factors of b.
2, 3, 5
Let y(t) = 30*t + 44. Suppose 5*b - 2*o - 80 = 3*o, 4*b = 3*o + 59. List the prime factors of y(b).
2, 11, 17
Let k be -7 + (-282)/(-26) - 4/(-26). Suppose -218 = k*l - 806. What are the prime factors of l?
3, 7
Let u = 128 - 126. Suppose u*x - 3*f + 1527 = 5*x, -2*x = f - 1021. Suppose -3*z = -3*v - 384, z + 3*z - v - x = 0. List the prime factors of z.
2
Let m = -1136 + 15031. List the prime factors of m.
5, 7, 397
Let h = 438 + 14927. List the prime factors of h.
5, 7, 439
Let t(q) = 53*q**3 - q**2 + 1. Let a be t(1). Suppose -r = -5*k + 734, 3*k - 11*r - 442 = -12*r. Let h = k - a. List the prime factors of h.
2, 47
Let x(f) be the first derivative of -f**4/4 - 17*f**3/3 - 23*f**2/2 - 32*f + 5. What are the prime factors of x(-16)?
2, 5
Let z(g) = -115*g - 24. Let n be z(4). Let l = -180 - n. What are the prime factors of l?
2, 19
Suppose 5*x = -3*z + 84, 5*z = -3*x + 4*x. Let i(y) = 3*y**2 - 18*y - 21. List the prime factors of i(x).
2, 3
Suppose r - 6*r = 0. Let b be (-63)/(-21) + r + 10. Let a = b - -7. What are the prime factors of a?
2, 5
What are the prime factors of 362092*23/92 - (-1)/(-1)?
2, 3, 47, 107
Let m be 133/38 + 153/2. Suppose 290 = i - m. List the prime factors of i.
2, 5, 37
Suppose 105*i + 150*i - 23*i - 3054280 = 0. List the prime factors of i.
5, 2633
Let c(m) = -4*m**2 + 10*m + 103. Let t(o) = 5*o**2 - 9*o - 102. Let k(q) = 6*c(q) + 5*t(q). List the prime factors of k(-44).
2, 173
Suppose -2*k - 1 = 3*u + 7, k + 5 = -u. What are the prime factors of (-10216)/k - 28/(-49)?
2, 5, 73
Let k(w) = -6*w**3 - 31*w**2 - 9*w + 101. List the prime factors of k(-12).
6113
Let o(u) = -100*u**3 - 2*u + 2. Let r be o(2). Let i = -399 - r. What are the prime factors of i?
13, 31
Let f(s) = -13*s**3 - 91*s**2 - 11*s - 121. What are the prime factors of f(-8)?
17, 47
Let k = -6751 - -17141. List the prime factors of k.
2, 5, 1039
Suppose -5*d = 25, -c = -2*c + 2*d + 14. Let l(u) = 28*u**2 - 552 + 553 - c*u + 4*u. What are the prime factors of l(1)?
29
Let m(v) be the second derivative of v**5/20 - v**4/6 + 2*v**3/3 - 3*v**2 + v - 11. List the prime factors of m(8).
2, 5, 41
Let j(v) be the second derivative of v**4/12 - 17*v**3/6 + v**2 - 10*v + 2. What are the prime factors of j(19)?
2, 5
Suppose -x - 3*x = -5*h + 2, -5*x + 4 = -3*h. Suppose 4*z + 820 = -3*p + 6025, x*z = p + 2595. What are the prime factors of z?
3, 433
Suppose -z - 108 = 3*z + 4*t, -t = -2*z - 54. Let a = 59 + z. Let r = a + -16. List the prime factors of r.
2
Let z(k) = 2*k - 30. Let w = 35 + -20. Let n be z(w). List the prime factors of 1*(n - 4)*(-98)/4.
2, 7
Let n be -3*(2/(-9) - (-80)/36). Let i = -31 - n. List the prime factors of (1 + i/10)/((-2)/116).
3, 29
Suppose 0 = -5*z + 3 + 7, -l + 4*z = 11. Let d(g) = 0*g**2 + 0 - 6*g**3 - 7*g + 0*g - g**2 - 6. What are the prime factors of d(l)?
2, 3, 7
Suppose -105513 = 106*r - 55*r - 54*r. List the prime factors of r.
35171
Suppose 55*m - 1367190 = -11*m. List the prime factors of m.
3, 5, 1381
Let m(j) = 4*j + 68. Let r(w) = -32*w - 226. Let t be r(-7). List the prime factors of m(t).
2, 3, 5
Let u(g) = -2*g + 60. Let m(h) = h - 60. Let f(y) = 2*m(y) + 3*u(y). Let x be f(14). Suppose -x*r + 136 = -88. What are the prime factors of r?
2, 7
Let l(t) = 3134*t + 206. List the prime factors of l(4).
2, 23, 277
Let u(h) = -h**3 - 26*h**2 + 11*h - 202. List the prime factors of u(-30).
2, 13, 59
Let p(q) = -1650*q - 6210. List the prime factors of p(-21).
2, 3, 5, 79
Let q(h) = -h**2 + 3*h - 2. Let r be q(3). Let j be (-6)/(-4)*r + 10/2. Suppose 166 = 4*f - 2*b, -3*f + j*b + 43 = -2*f. What are the prime factors of f?
41
Let g(w) = 67 + 10*w**2 + 13*w**2 - 7*w - 3*w**2 - 57 - w**3. List the prime factors of g(8).
2, 19
Let j(i) = -7*i - 17. Let p be j(-3). Suppose 1028 = p*y - 416. List the prime factors of y.
19
Let r be 15/3 - (2 - 20/(-2)). Suppose -2*t + 5*t = 123. Let x = t - r. List the prime factors of x.
2, 3
Suppose -23*o + 10*o + 5109 = 0. Suppose -2*s + 683 + o = 0. What are the prime factors of s?
2, 269
Suppose -3*p - 4 = j + 1, -3*p = -4*j - 35. What are the prime factors of 4 + j*1 - 0 - -217?
3, 71
Let x be -31 - 7/((-7)/3). Let p = -3 + x. What are the prime factors of (10 + -6)*p/(-2)?
2, 31
Suppose 0*h - 4*o + 3 = -3*h, 0 = 5*h - 3*o - 6. Let v be (-1)/((-2)/50) - (-6 + h). Let m = 53 - v. List the prime factors of m.
5
Suppose 38*b - 38061 = 73461 + 70118. List the prime factors of b.
2, 5, 239
Suppose 2*p = -b + 8984, -5*p - 48266 = -5*b - 3406. Suppose b = 737*g - 731*g. What are the prime factors of g?
2, 11, 17
Let r(l) = 22*l**2 + l - 6. Let y be 70/(-7)*(-10)/(-20). What are the prime factors of r(y)?
7, 11
Let t(w) = 37*w**2 + 11*w + 26. Suppose 4*n + 21*v = 24*v + 7, -21 = 3*n + 3*v. List the prime factors of t(n).
2, 19
Let c be (4*4/16)/((-6)/(-2598)). Let o = 1058 - c. List the prime factors of o.
5
List the prime factors of 42 + 18669 + (3 - 8/2).
2, 5, 1871
Let s(k) = 46*k**2 + k - 4. Suppose 5*v + 2*w = 17, -10*w - 7 = -3*v - 8*w. List the prime factors of s(v).
7, 59
Let g(d) = 0 - 5*d + d**2 + 0 + 4. Let n be g(4). What are the prime factors of 3 + (-3)/(-5 - -2 - n)?
2
Let z(g) = 41*g**2 + 123*g + 1221. List the prime factors of z(-30).
3, 23, 499
Let y(z) = 13*z**2 + 63*z - 37. Let h(x) = -4*x**2 - 21*x + 12. Let m(d) = -7*h(d) - 2*y(d). Let u be 10/8*6*(69 - 71). What are the prime factors of m(u)?
5
Let w(g) = 367*g - 590. List the prime factors of w(18).
2, 47
Suppose 534*x - 35588 = 527*x. Suppose -3*h + x = -q, h - 76*q - 1697 = -78*q. What are the prime factors of h?
3, 5, 113
Let a(h) = 131*h + 1079. What are the prime factors of a(27)?
2, 577
Let z = 72 + -64. Suppose z = x - a, -27 - 1 = -5*x + a. Suppose 4*l + l - 5*w - 695 = 0, 3*w - 703 = -x*l. What are the prime factors of l?
2, 5, 7
Let l(p) = 1373*p**2 + 2. Let b be l(-1). Suppose -4*c + 2747 = -3*v, 2*c + 3*v - 6*v = b. What are the prime factors of c?
2, 7
Let s(i) = i**3 - 17*i**2 + 4. Let r be s(17). Suppose 6*c + 1184 = 7*c - r*l, 3*l - 4774 = -4*c. What are the prime factors of c?
2, 149
Let m(b) = 3*b**2 + 4*b. Let c(a) = -4*a**2 - 6*a - 1. Let q(h) = 5*c(h) + 7*m(h). What are the prime factors of q(-14)?
3, 73
Let q(d) = 146*d**2 + 184*d - 1609. List the prime factors of q(22).
41, 1783
Let y = -63 + 42. Let j = -18 - y. Let g(m) = 34*m - 9. List the prime factors of g(j).
3, 31
Suppose -189*r + 1380589 = -22*r. What are the prime factors of r?
7, 1181
Let o be 6/9 + 208/3 + 3. Let i = o - 64. Suppose i*f - 6*f = 462. What are the prime factors of f?
2, 7, 11
Suppose 4*w - 8*w - 2*z + 14 = 0, -3*w = -3*z - 15. Let r = 156 - 148. Suppose x - 102 = -3*d + r*d, x - w*d = 99. List the prime factors of x.
3, 29
Let j(x) = 13 - 4*x + 2*x + x. Let g be j(8). Suppose 3*c + g*c - 416 = 0. What are the prime factors of c?
2, 13
Let t be 166/2 - 0/(-2 + 5). Suppose -598 = -5*u - q, -4*q + t = u - 48. What are the prime factors of u?
7, 17
Suppose 0 = -2*p + 1059 + 1067. Suppose -p - 3865 = -11*l. List the prime factors of l.
2, 7
Let i(t) = 668*t - 556. List the prime factors of i(19).
2, 37, 41
Suppose -2*r - 287*k + 2372 = -289*k, 2*k + 1192 = r. What are the prime factors of r?
2, 5, 59
Suppose -2*a + 68219 = -30*s + 27*s, -4*a = -5*s - 136429. List the prime factors of a.
2, 2131
Let f be -339*(-1)/6 - (-7)/(-14). List t